2). Suppose u*x + 2 - 146 = 0. What are the prime factors of x?
2, 3
Suppose 0 = 24*a + 4*a - 7000. What are the prime factors of a?
2, 5
Suppose -3 = n - 94. Suppose 3*h = -6*i + 5*i + 273, -h + n = 2*i. List the prime factors of h.
7, 13
Suppose 5*d - 2607 - 2588 = 0. List the prime factors of d.
1039
Let r be 20/6*18/12. Suppose 0 = -r*s - 3*y + 534, -4*s - 5*y - 226 = -6*s. What are the prime factors of s?
2, 3
Suppose 7*k = 2*k + 25. Let v(f) = f + 6 + 0*f + f - k*f**2 - f**3. What are the prime factors of v(-6)?
2, 3, 5
Suppose 0 = l + q - 1, -4*l - 2*q + 2 = -5*l. Suppose -2*b + p = -70 + 17, 2*p + 2 = l. What are the prime factors of b?
2, 13
Let s(q) = -52*q - 4. Let p(m) = 26*m + 2. Let z(d) = 7*p(d) + 4*s(d). List the prime factors of z(-4).
2, 3, 17
Let j = 158 + 592. What are the prime factors of j?
2, 3, 5
Suppose p - 3 = 2*p, 0 = -5*w + 2*p + 26. What are the prime factors of 1149/15 + w/10?
7, 11
Let d(b) = -6*b - 7. Let x(l) = l**2 - 1. Let t be x(1). Let g be -6 + t + -9 + 5. List the prime factors of d(g).
53
Let u(k) = -3137*k**3 + 5*k**2 + 7*k + 2. What are the prime factors of u(-1)?
3137
Suppose 3*x + 97 = 463. Suppose 8*p - 4*a = 13*p - 275, 5*a + 25 = 0. Let l = x - p. What are the prime factors of l?
3, 7
Let c be 0/(1*12/(-4)) + 220. Suppose -5*x + c + 46 = -2*i, 5*x = -3*i + 276. What are the prime factors of x?
2, 3
Let b = -182 - -311. List the prime factors of b.
3, 43
Let v(h) = 6*h**2 + 14*h - 5. What are the prime factors of v(-8)?
3, 89
Let a = 486 + 8. What are the prime factors of a?
2, 13, 19
Suppose v = -4, 460 = f - 3*v - 18. List the prime factors of f.
2, 233
List the prime factors of 268/56*12*(6 - -1).
2, 3, 67
Let v(y) = 4*y**2 + 4*y + 1. Let x be v(3). Let r = -16 + x. List the prime factors of r.
3, 11
Suppose 217 = -3*p - 308. Let i = 299 + p. Suppose x = -4*u + 36, -i = -3*x + 7*u - 3*u. List the prime factors of x.
2, 5
Suppose -4*o + 10 = o. Let a(r) be the second derivative of 11*r**4/12 - 4*r. List the prime factors of a(o).
2, 11
List the prime factors of 6/(-14) - 113730/(-35).
3, 19
Suppose 4 = 2*a - 2. Let t(d) = 5*d**2 - d - 3. Let m be t(a). Suppose 3*s + f = m, s - 5*f = -3*f + 20. List the prime factors of s.
2, 7
Suppose -510 = 7*m - 10*m. List the prime factors of m.
2, 5, 17
Let l(t) = -42*t**3 + 2*t**2 + 3*t + 2. Let f be l(-2). Suppose 5*o + f = 10*o. Suppose -6*v = -8*v + o. List the prime factors of v.
2, 17
Suppose -3835 = -3*k + 4*y, 21*y - 17*y + 5112 = 4*k. List the prime factors of k.
1277
Let l = -33 - -32. List the prime factors of (l/(-3) + 0)*132.
2, 11
Let g be -6*(16/12 + -2). Suppose -g*p + 3 = -37. Suppose -p = 5*c, 3*c = 5*h - 3*h - 14. List the prime factors of h.
2
Let y(w) = -3*w + 292. List the prime factors of y(-16).
2, 5, 17
Let h(t) = -t**3 - 22*t**2 - 20*t + 26. Let l be h(-21). Suppose 2*a - 10 - 4 = -4*m, l*m - a - 7 = 0. List the prime factors of m.
2
Suppose -23*l + 4549 = -1109. List the prime factors of l.
2, 3, 41
Suppose -7*j + 677 + 793 = 0. What are the prime factors of j?
2, 3, 5, 7
Let z = 3 + 1. Suppose -5*w - 2*r + 64 = -0*r, -54 = -z*w - 3*r. What are the prime factors of w?
2, 3
Suppose 4*v + 2181 = 5*y, -5*v - 12 = -2*v. What are the prime factors of y?
433
Let r(z) = -z**2 + 22*z + 2. Let d be r(22). List the prime factors of ((-216)/(-96))/(d/200).
3, 5
Suppose 7*p + 825 = -834. Let a = -136 - p. List the prime factors of a.
101
Suppose 0 = 5*h + 4*m - 60, -4*h + 3*m + 7 = -2*m. Let a be 1 + h/(2/1). Suppose a*u - 63 = -g + 97, 4*u - 5*g = 99. What are the prime factors of u?
31
Let b(m) = 9*m**2 - 2*m + 31. What are the prime factors of b(4)?
167
Suppose 5*i - 3*f = 18, 5*i - f - 15 = 1. Suppose i*u - u = 5*k - 25, -k + 3*u = -18. List the prime factors of (-27)/2*(-10)/k.
3, 5
Let t(l) = -l**3 + 8*l**2 - 2*l + 10. Suppose a - 3 - 4 = 0. What are the prime factors of t(a)?
3, 5
Suppose 3*y = -y + 20. Suppose 165 = y*w + 5*v, -v = 3*w + v - 99. Suppose 5*z - 132 - w = 0. What are the prime factors of z?
3, 11
Let p = 501 + -188. List the prime factors of p.
313
Let l(z) = z**3 + 18*z**2 - 30*z - 7. Let n be l(-20). Let t = n + 310. What are the prime factors of t?
103
Let h(k) = -6*k**2 + k**3 - 31*k + 11*k + 12*k + 3. Let m be h(9). Suppose 7*l = 113 + m. What are the prime factors of l?
41
Suppose 2*p - 550 = 4*l, -7*p + 2*l - 1110 = -11*p. List the prime factors of p.
277
Let y be 2 - (-5 + 1 + 9). Let n = 15 + y. List the prime factors of n.
2, 3
Let r be (-4)/4 + 1 - -3. Let i(n) = 3*n + n**2 + 0*n + 4*n**3 - 6*n + r - 2*n**3. List the prime factors of i(2).
17
What are the prime factors of (-7824)/(-34) - (38/34 + -1)?
2, 5, 23
Suppose -6 - 14 = 4*f + 3*i, -2*f - 32 = -4*i. Let d(b) = -b - 2. Let a be d(f). Suppose w + 95 = a*w. List the prime factors of w.
19
Let g(k) = 4*k**2 - 21*k - 17. Let y be g(8). Suppose 7*p - 2*p - i = 189, -2*p = -5*i - y. What are the prime factors of p?
2, 19
Let x(r) = r + 2. Let f be x(4). Let i be 63/45 + (-8)/(-5). Suppose -p + i = -f. What are the prime factors of p?
3
Suppose -8*r = -13*r - 85. Let u(d) = d**2 + 5*d + 5. Let k be u(-8). Let v = r + k. What are the prime factors of v?
2, 3
Let m be (10/6)/((2/(-15))/(-2)). Let n(t) = -t**2 + 30*t - 64. What are the prime factors of n(m)?
61
Let n(y) be the second derivative of y**3/6 + 3*y**2 + 4*y. List the prime factors of n(14).
2, 5
Suppose 0 = 4*x + 3*f - 115, 2*f + 65 = 2*x + 5*f. Let s = 15 - x. What are the prime factors of 5/((-75)/18)*s?
2, 3
Suppose -39*f - 3*f + 17808 = 0. What are the prime factors of f?
2, 53
Suppose 25*t - 19227 = 748. What are the prime factors of t?
17, 47
Suppose -3*j + 167 = -10. Suppose v + 5*n = 27, 3*v + 163*n - 61 = 158*n. Let u = j + v. What are the prime factors of u?
2, 19
Suppose -312*r + 104 = -304*r. Let k = 1 - -38. Let i = k - r. What are the prime factors of i?
2, 13
Let c(k) = k**2 + 2*k + 76. List the prime factors of c(-17).
331
Let z be 45/10 + (-12)/8. Suppose 0 = z*h - h - 176. What are the prime factors of h?
2, 11
Let h(g) = g**3 - 8*g**2 + 4*g - 3. Suppose 0 = -4*l - 5*f + 69, l + 4*l - 81 = -f. Suppose -4*x - l = -6*x. What are the prime factors of h(x)?
29
Let c(w) = w**2 + 15*w - 41. What are the prime factors of c(10)?
11, 19
Let d(g) = -129*g - 132. What are the prime factors of d(-12)?
2, 3, 59
Let c(o) = 15*o**2 - 52*o + 14. List the prime factors of c(-11).
7
Suppose 0 = 2*d + 6 - 2, 4*n - 24 = 2*d. Suppose n*t + 345 = 10*t. Suppose -3*z = 2*k - t + 22, 3*k - 77 = -5*z. List the prime factors of z.
13
Let s = 8322 - 4754. What are the prime factors of s?
2, 223
Let h(a) be the second derivative of a**3/3 - 57*a**2/2 + 3*a. Let u be h(0). Let s = -8 - u. List the prime factors of s.
7
List the prime factors of (-897)/(-3)*(-1)/2*-2.
13, 23
Let y(x) be the first derivative of -x**3 - 2*x**2 - 2*x + 4. Let o be y(-2). List the prime factors of (-1)/(o/39)*2.
13
Let t(w) = 161*w**2 + 54*w - 396. List the prime factors of t(6).
2, 3, 53
Let v(p) = p + p - 2*p + 47 + 3*p. What are the prime factors of v(20)?
107
Suppose 4*r - 1486 = -8*t + 6*t, -3*r + 2*t = -1097. List the prime factors of r.
3, 41
Let i(v) = -28*v + 263. What are the prime factors of i(8)?
3, 13
Let j = 183 + -108. Suppose -j = -2*q - q. List the prime factors of q.
5
Let x(p) = -p**3 + 7*p**2 + 10*p - 8. Let i be x(8). Let t(u) = u - 7. Let g be t(i). Let c = 23 - g. What are the prime factors of c?
2, 11
Let y(x) = -3*x + 23. Let z be y(8). List the prime factors of z*11/(55/(-400)).
2, 5
Suppose -8*q = 12 - 44. Suppose -q*h + 158 + 198 = 0. What are the prime factors of h?
89
Suppose 2*i = 5*i - 6, 0 = -4*x - 5*i - 94. Let r = x - -49. Suppose 0 = -3*p + 2*q + 83 + r, -5*q = p - 24. What are the prime factors of p?
2, 17
Suppose 0 = -j - 23*u + 21*u + 476, 0 = -j + 4*u + 506. List the prime factors of j.
2, 3
Suppose -5*t + 2034 = -16*q + 13*q, -5*t = -q - 2038. List the prime factors of t.
2, 3, 17
Suppose -48*v + 168121 = 41*v. What are the prime factors of v?
1889
Let v = 60 - 39. Let l = v + 44. List the prime factors of l.
5, 13
Suppose 2*l + j - 13 = -l, -2*j = -8. Suppose -5*y + l*y = -46. Suppose -2*o = -o + u - y, -5*u = o - 15. List the prime factors of o.
5
Suppose -2322*m - 946 = -2323*m. What are t